n factor of z and 45.
45
Let k(x) = -9*x**3 - 6*x**2 - x. Let s(v) = -v**3 - 27*v**2 - 2*v - 58. Let b be s(-27). Let t be k(b). What is the highest common factor of 44 and t?
44
Suppose 2*a - 19 = p, -p - 6 = p. Suppose 0 = -3*k - 3*y - 2*y + 1, 5*k = -4*y + 19. Suppose 42 = -k*r + 126. Calculate the greatest common factor of r and a.
4
Let k be 12/(-96) - (-23)/(-8) - -4569. What is the greatest common factor of k and 6?
6
Let v = -5548 + 5552. Calculate the greatest common factor of v and 139.
1
Suppose -278*y = -282*y + 12, -5*m + 74 = 3*y. Calculate the greatest common divisor of 481 and m.
13
Suppose g + 3*v = -4*g + 10, -v = 5. Suppose -4*i = 1 - g. Suppose -6 = -n + 5*k, 5*k - 50 = -3*n - 12. Calculate the highest common factor of i and n.
1
Let r(y) = -y**2 - 23*y - 20. Let g be r(-22). Let d be (g/(-1) - -6) + 4*1. Calculate the greatest common factor of d and 56.
8
Suppose j + 38 - 109 = -5*m, 3*m - 9 = 5*j. Calculate the highest common factor of m and 4511.
13
Let s be (0 - 24/7)*(-10283)/(-226). Let f be (117/(-52))/(9/s). What is the highest common divisor of 12 and f?
3
Let x = 2472 - 2467. Suppose 0 = 3*m, q - 5*m - 1 = 1. Suppose -4*o + 172 = q*y, 0 = 3*y + 12. What is the highest common factor of x and o?
5
Suppose 3*r + 19*y - 18*y - 18882 = 0, y - 3 = 0. Calculate the highest common divisor of r and 217.
217
Let i(z) = -z**3 - 15*z**2 + 9*z - 47. Let p be i(-16). Suppose 9*a = 4*a + p. What is the greatest common divisor of a and 3?
1
Suppose 1 = -q, 2*y + 3*q = 5*y - 72. Suppose p + y*c - 28*c = 114, 3*c = -p + 138. What is the greatest common divisor of p and 215?
43
Let j(z) = -3*z**3 + 19*z**2 + 102*z + 34. Let x be j(-7). What is the highest common divisor of 400 and x?
80
Suppose -5 = -5*k - 3*l + 19, 0 = -3*k - 5*l + 24. Suppose 505 = 4*w + y, 5*y = -k*w - 0*y + 383. What is the greatest common divisor of w and 54?
18
Suppose -l - 96 = -5*l. Let m = -175 - -201. Let v(x) = x**2 - 18*x + 8. Let t be v(m). What is the highest common divisor of l and t?
24
Let t(n) = -n**3 - 7*n**2 + 23*n + 10. Let j be t(-7). Let f = 169 + j. Calculate the highest common divisor of 342 and f.
18
Let b(m) = m**3 - m**2 + m + 5. Let c be b(6). Let o = -154 + c. Suppose 0 = 4*h - o + 1. Calculate the greatest common factor of 180 and h.
9
Let p(n) = -7*n**3 - 8*n**2 + 3*n + 1. Let l be p(-6). Suppose l = 11*v + 6*v. Calculate the highest common divisor of v and 71.
71
Let r be ((-1)/(-2))/((-2)/(-44)). Suppose -4*x = 4*h - 168, -2*x + 7*h + 88 = r*h. Calculate the highest common factor of x and 24.
8
Suppose 0 = -5*u - 1697 - 373. Let l = -302 - u. What is the highest common factor of 84 and l?
28
Let t = 497 - 447. Suppose -t*w + 19*w + 1395 = 0. What is the greatest common divisor of 585 and w?
45
Let h(s) be the first derivative of 17*s**2/2 + 48*s + 17. Let x be h(-2). What is the greatest common divisor of x and 406?
14
Let d = 86 - 59. Let w(q) = q**3 + 68*q**2 - 443*q + 110. Let r be w(-74). Calculate the highest common divisor of d and r.
9
Let r be ((-11)/(132/(-46648)))/(80/(-15) - -6). Calculate the greatest common divisor of 119 and r.
119
Let a(y) = -y**3 - 6*y + 684. Let p be 0/(-5 - (3 + -7)). Let x be a(p). Calculate the greatest common divisor of 38 and x.
38
Let x = 314 - 139. Let h = 194 + -129. Let y be 4/26 - (-1615)/h. What is the greatest common divisor of x and y?
25
Let g be 3/(4/12*3) + 53. Suppose -68*v + g*v = -9888. Calculate the greatest common divisor of 8 and v.
8
Let h be (50 - 56) + 1*13. Suppose -2*d - 169 = -q - h*d, -q + 166 = 2*d. Calculate the highest common divisor of q and 574.
82
Let z(w) = -893*w + 2736. Let t be z(3). Let i = -13 - -22. What is the highest common divisor of t and i?
3
Let z(p) = -p**2 - 2*p + 82. Let o be z(-10). Suppose o*l + 2*l - 696 = -5*x, -3*l + x + 522 = 0. What is the greatest common divisor of l and 6?
6
Let n = -472 + 485. Suppose 10*g - 4*g - 936 = 0. What is the highest common divisor of g and n?
13
Let j(n) = 3*n**2 - 17*n + 41. Let m(h) = 2*h**2 - 18*h + 40. Let y(s) = 4*j(s) - 5*m(s). Let a be y(-13). What is the greatest common factor of 16 and a?
16
Let v(f) = -309*f**3 + 7*f**2 + 27*f + 14. Let u be v(-2). What is the greatest common factor of u and 30?
30
Let h = 1965 - 1903. Let t be 13*12 - 2/2. What is the greatest common divisor of t and h?
31
Let z = -112 - 69. Let j = -166 - z. Let v be (-92)/(-6) - (-1)/(-3). Calculate the greatest common factor of j and v.
15
Let p = 8783 + -7708. What is the highest common factor of p and 50?
25
Let r(d) = d**3 - 2*d**2 - 12*d - 7. Let c be r(7). Let p = c - 26. Suppose -28*o + 30*o - p = 0. What is the greatest common divisor of o and 8?
8
Suppose 0 = -3*c + 71*h - 76*h + 4075, 0 = 3*c - 5*h - 4085. Calculate the greatest common divisor of 85 and c.
85
Let f(h) = -2*h**3 + 35*h**2 + 222*h - 46. Let r be f(-15). What is the highest common factor of r and 7?
7
Let h(o) = o**2 - 2*o - 4. Let t be h(-6). Suppose t = c + 29. Suppose 5*m = c, -3*l + l + 11 = -3*m. What is the highest common divisor of 10 and l?
10
Let h(m) = m**2 + 3*m + 1. Let g be h(-3). Suppose -q + 2*s = s + 4, q - 5*s + 4 = 0. Let f be 3 - 10*q/(3 + 5). What is the greatest common factor of g and f?
1
Suppose -4*u + 12 = 0, -4*p + 526 = 4*u - 1166. Let n = p + -412. What is the highest common factor of 80 and n?
8
Let u be 1*(-1 - 0)*-1. Suppose -58*g + 363 = 73. Suppose -g*t + 166 = u. What is the greatest common divisor of t and 22?
11
Suppose 5*u - 7 = -4*b + 36, 0 = 2*u - 3*b - 31. Suppose -u*c + 8 = -13*c. Let m be (-40)/(-16)*(0 - c). Calculate the highest common divisor of 30 and m.
10
Suppose 0 = 96*d - 92*d - 76. Suppose 144 = d*g - 16*g. What is the highest common factor of 12 and g?
12
Suppose 42*g - 272 = -26*g. Let o = -6 + 206. Calculate the greatest common divisor of o and g.
4
Let s = 9295 - 8323. Calculate the greatest common factor of 48 and s.
12
Let m = 87 + -72. Suppose 98 = -14*s + m*s. Suppose 51 = 3*o + 3*u, 3*o - 6 - 48 = -4*u. Calculate the highest common divisor of s and o.
14
Let p(g) = -24*g**2 - 118*g + 4. Let c be p(-5). Let f(h) = -2*h**3 - 10*h**2 + 12*h + 10. Let y be f(c). Calculate the greatest common factor of y and 710.
10
Let x(o) = -51*o + 8. Let y be x(-4). Suppose 0 = k - 5*s - y, k - 204 = 4*s - s. Suppose -k = -3*w - w. What is the highest common factor of 3 and w?
3
Let n(t) = -8*t**2 - 110*t + 28. Let v be n(-11). Calculate the greatest common factor of v and 1305.
45
Let p be 3 + -3 + (-188 - 0). Let c = 208 + p. What is the highest common factor of c and 140?
20
Let n(i) = 4*i + 15. Let r be n(-4). Let w be (7/((-98)/21))/(r/304). What is the greatest common factor of 12 and w?
12
Suppose 22*w - 40*w = 126*w - 98496. Calculate the greatest common factor of w and 418.
38
Let c(l) = 42*l - 1553. Let m be c(37). Suppose -4 = -3*n - n. What is the greatest common factor of n and m?
1
Suppose -11*m + 15137 - 2993 = 0. What is the highest common factor of 96 and m?
48
Let s be 4/(-3)*23/(644/(-1365)). What is the highest common factor of s and 3107?
13
Suppose -3*r + r - 54 = -2*f, 0 = f - 5*r - 39. Suppose -5*n = -1149 - 711. Let d = -276 + n. What is the greatest common factor of d and f?
24
Suppose 0 = -145*f + 140*f - 3*h + 3324, -2*f - h = -1330. What is the highest common divisor of 414 and f?
18
Let h(c) = c**3 + c**2 + 3*c - 3. Let x be h(1). Let o be (162/12)/(-3)*-1*x. Calculate the highest common factor of 3 and o.
3
Let r = -29 - -94. Suppose 0 = m - 59*m + 7896 + 4168. Calculate the greatest common divisor of m and r.
13
Let f(y) = -12*y + 113. Let d be f(9). Suppose 435 + 440 = d*o. What is the greatest common divisor of o and 50?
25
Suppose -2564 = -4*t - v, 0 = -10*t - 8*v + 13*v + 6380. Calculate the highest common factor of t and 200.
40
Suppose 16 = -c + 2*c + 4*f, 0 = 5*c + 5*f - 20. Suppose 3*w - 13 + 1 = c. Suppose 7*y = w*y + 75. What is the highest common factor of y and 275?
25
Suppose 2*l = 2*j + 3*j + 1720, 0 = -3*l + 2*j + 2558. Let p(y) = y**2 - 87*y - 524. Let x be p(-6). What is the greatest common divisor of l and x?
34
Let p(s) = 607*s**3 - 4*s**2 - 2*s + 1. Let x be p(-1). Let i be (-3 + 0)/(96/x). What is the highest common factor of 19 and i?
19
Let r(m) = 3*m**3 + 14*m